the thousands digit of 2698774?
8
What is the hundreds digit of 4344230?
2
What is the units digit of 1382851?
1
What is the hundreds digit of 3257539?
5
What is the millions digit of 2664882?
2
What is the ten thousands digit of 1421920?
2
What is the hundreds digit of 206146?
1
What is the units digit of 47040?
0
What is the millions digit of 3357717?
3
What is the tens digit of 1566926?
2
What is the tens digit of 8127204?
0
What is the hundreds digit of 267665?
6
What is the tens digit of 6995376?
7
What is the units digit of 3303139?
9
What is the thousands digit of 437566?
7
What is the thousands digit of 14898932?
8
What is the hundred thousands digit of 175474?
1
What is the hundreds digit of 7095002?
0
What is the millions digit of 1657049?
1
What is the millions digit of 1205103?
1
What is the units digit of 406422?
2
What is the ten thousands digit of 2404304?
0
What is the units digit of 5942988?
8
What is the ten millions digit of 22382686?
2
What is the thousands digit of 134618?
4
What is the units digit of 1269477?
7
What is the tens digit of 2221509?
0
What is the units digit of 705730?
0
What is the hundreds digit of 833378?
3
What is the ten thousands digit of 9760852?
6
What is the ten thousands digit of 608883?
0
What is the ten thousands digit of 223711?
2
What is the units digit of 1269624?
4
What is the thousands digit of 18544074?
4
What is the tens digit of 1271897?
9
What is the hundreds digit of 696126?
1
What is the units digit of 15092?
2
What is the ten thousands digit of 92897?
9
What is the units digit of 189327?
7
What is the tens digit of 3841128?
2
What is the ten thousands digit of 1097229?
9
What is the millions digit of 3079913?
3
What is the thousands digit of 261279?
1
What is the ten thousands digit of 5770511?
7
What is the thousands digit of 116474?
6
What is the tens digit of 2256695?
9
What is the thousands digit of 1713517?
3
What is the hundreds digit of 393049?
0
What is the units digit of 2432420?
0
What is the tens digit of 248860?
6
What is the millions digit of 1336033?
1
What is the hundreds digit of 2902760?
7
What is the hundreds digit of 26761?
7
What is the thousands digit of 88398?
8
What is the hundreds digit of 9965038?
0
What is the millions digit of 11323717?
1
What is the hundreds digit of 136588?
5
What is the hundreds digit of 1863713?
7
What is the units digit of 155048?
8
What is the tens digit of 101708?
0
What is the hundred thousands digit of 12115343?
1
What is the thousands digit of 15526955?
6
What is the ten thousands digit of 2146168?
4
What is the hundreds digit of 306441?
4
What is the ten thousands digit of 316794?
1
What is the ten millions digit of 26267556?
2
What is the tens digit of 195977?
7
What is the thousands digit of 79837?
9
What is the tens digit of 71917?
1
What is the hundreds digit of 3959865?
8
What is the tens digit of 335057?
5
What is the tens digit of 962822?
2
What is the hundreds digit of 3344623?
6
What is the thousands digit of 310593?
0
What is the hundreds digit of 8689?
6
What is the hundred thousands digit of 5829972?
8
What is the units digit of 143544?
4
What is the hundred thousands digit of 6154901?
1
What is the thousands digit of 1084076?
4
What is the ten thousands digit of 3793599?
9
What is the units digit of 42697?
7
What is the thousands digit of 21771821?
1
What is the hundreds digit of 5062576?
5
What is the hundreds digit of 11104?
1
What is the hundreds digit of 262516?
5
What is the hundred thousands digit of 2029416?
0
What is the thousands digit of 26500385?
0
What is the ten thousands digit of 20186383?
8
What is the hundred thousands digit of 1119466?
1
What is the hundreds digit of 9308652?
6
What is the thousands digit of 61188?
1
What is the hundred thousands digit of 146132?
1
What is the units digit of 4754976?
6
What is the tens digit of 101080?
8
What is the tens digit of 9546575?
7
What is the hundred thousands digit of 5149300?
1
What is the thousands digit of 3795602?
5
What is the ten thousands digit of 8304408?
0
What is the tens digit of 236711?
1
What is the millions digit of 1058826?
1
What is the millions digit of 5209858?
5
What is the hundred thousands digit of 143006?
1
What is the hundred thousands digit of 21586741?
5
What is the thousands digit of 144157?
4
What is the ten thousands digit of 16221796?
2
What is the ten thousands digit of 169835?
6
What is the ten thousands digit of 329103?
2
What is the hundreds digit of 1831580?
5
What is the tens digit of 147805?
0
What is the units digit of 461849?
9
What is the hundreds digit of 6712032?
0
What is the millions digit of 17604326?
7
What is the hundred thousands digit of 334991?
3
What is the units digit of 1439645?
5
What is the hundred thousands digit of 2576569?
5
What is the ten thousands digit of 2242148?
4
What is the hundred thousands digit of 2461194?
4
What is the thousands digit of 2008364?
8
What is the ten thousands digit of 166736?
6
What is the ten thousands digit of 90386?
9
What is the ten thousands digit of 89227?
8
What is the ten thousands digit of 264322?
6
What is the ten thousands digit of 12012753?
1
What is the ten thousands digit of 859587?
5
What is the hundred thousands digit of 279149?
2
What is the hundred thousands digit of 1485438?
4
What is the hundreds digit of 15625?
6
What is the units digit of 8183167?
7
What is the hundreds digit of 8595442?
4
What is the thousands digit of 2711877?
1
What is the hundred thousands digit of 175924?
1
What is the millions digit of 2319890?
2
What is the ten thousands digit of 2167613?
6
What is the units digit of 799895?
5
What is the hundreds digit of 725473?
4
What is the units digit of 9983210?
0
What is the units digit of 498016?
6
What is the tens digit of 9442750?
5
What is the hundreds digit of 211591?
5
What is the ten millions digit of 16633736?
1
What is the hundreds digit of 291833?
8
What is the ten millions digit of 23852905?
2
What is the hundreds digit of 778088?
0
What is the hundred thousands digit of 235891?
2
What is the hundreds digit of 102475?
4
What is the ten thousands digit of 7918406?
1
What is the units digit of 255105?
5
What is the thousands digit of 382024?
2
What is the millions digit of 6068384?
6
What is the hundred thousands digit of 1208750?
2
What is the hundreds digit of 11155767?
7
What is the millions digit of 2598977?
2
What is the hundred thousands digit of 199653?
1
What is the hundreds digit of 218655?
6
What is the units digit of 102692?
2
What is the hundreds digit of 536520?
5
What is the units digit of 612507?
7
What is the thousands digit of 449400?
9
What is the hundred thousands digit of 153381?
1
What is the thousands digit of 25543?
5
What is the hundreds digit of 363301?
3
What is the tens digit of 470650?
5
What is the hundreds digit of 6234599?
5
What is the thousands digit of 560734?
0
What is the tens digit of 45145?
4
What is the units digit of 4088024?
4
What is the ten thousands digit of 21785738?
8
What is the hundreds digit of 229389?
3
What is the hundred thousands digit of 355509?
3
What is the units digit of 1330211?
1
What is the hundreds digit of 623407?
4
What is the hundred thousands digit of 113286?
1
What is the thousands digit of 52899?
2
What is the ten thousands digit of 145810?
4
What is the tens digit of 4091?
9
What is the tens digit of 795662?
6
What is the tens digit of 84535?
3
What is the hundred thousands digit of 181073?
1
What is the ten thousands digit of 419379?
1
What is the ten thousands digit of 1124586?
2
What is the hundred thousands digit of 167869?
1
What is the hundreds digit of 9857484?
4
What is the thousands digit of 1326742?
6
What is the thousands digit of 98160?
8
What is the thousands digit of 14095316?
5
What is the units digit of 3285903?
3
What is the tens digit of 8199998?
9
What is the thousands digit of 23776953?
6
What is the millions digit of 12804805?
2
What is the units digit of 30168?
8
What is the hundred thousands digit of 689647?
6
What is the thousands digit of 504192?
4
What is the thousands digit of 508239?
8
What is the ten millions digit of 11041095?
1
What is the hundred thousands digit of 567338?
5
What is the hundreds digit of 1870688?
6
What is the m